e -r + 220 + 82 = 0. Suppose -4*p = -r - 518. Let i = p + -114. What is the highest common divisor of 13 and i?
13
Let b = 32 - 18. What is the highest common divisor of b and 126?
14
Let s = 33 - 12. Let q(t) = -t**3 + 11*t**2 + 16*t - 6. Let x be q(12). What is the greatest common divisor of s and x?
21
Suppose 0*m - m + 15 = 0. Suppose -g = -m - 7. Let k be (11/(-3))/(5/(-75)). What is the greatest common factor of g and k?
11
Let x(d) = -11*d + 2. Let l be x(-1). Let o = 59 - -443. Suppose -4*b = -70 - o. What is the highest common factor of l and b?
13
Suppose 19 = -3*n - 5. Let z(s) = 2 - s - 8*s**2 + 0*s - s**3 + 0. Let h be z(n). What is the highest common factor of h and 5?
5
Let a = 16 - 2. Calculate the greatest common factor of a and 7.
7
Let m be (-1098)/(-4) + 4/8. Calculate the greatest common divisor of 25 and m.
25
Suppose 8*x - 3*x = -c - 23, 4*c + 71 = x. Let m = 39 + c. Suppose 0 = -5*z - 5*u + 85, -z - 2*u = u - m. What is the highest common divisor of 15 and z?
15
Let o(k) = -20*k + 1. Suppose -2*z - 10 = -0*z. Let v be o(z). Let x = v + -29. What is the highest common divisor of x and 18?
18
Suppose -56 = -10*x + 54. Calculate the highest common divisor of x and 121.
11
Let b = -11 - -11. Suppose 2*s + 2*v + v - 27 = b, 3*s + 7 = 5*v. Calculate the highest common factor of s and 1.
1
Let z be (-48)/36*21/(-2). Calculate the greatest common factor of 112 and z.
14
Let l(q) = 10*q**2 - 5*q + 6. Let w be l(6). What is the highest common divisor of 42 and w?
42
Suppose 165 = -188*h + 191*h. Suppose 4*l = -l + 55. Calculate the highest common divisor of h and l.
11
Let m be (-2 + 1)*-1*39. Suppose 0 = 7*d - 3*d + 92. Let n = m + d. Calculate the greatest common factor of 4 and n.
4
Suppose -k - 220 = -4*d, 2*k + 76 = 5*d - 196. Calculate the greatest common factor of d and 42.
14
Let u(n) = 11*n + 1. Let l be u(1). Suppose -4*h + 5*s = -5, -2*h + 4*s + 0 = -4. Suppose -4*b + b + 324 = h. What is the highest common divisor of b and l?
12
Let n(h) = 3*h. Let u be n(4). Calculate the highest common factor of u and 30.
6
Let m(k) = -k**2 + 41. Let o be m(0). Suppose 5*i = 3*v + 63, -2*i + o = i - 5*v. Suppose -138 = 4*j - 666. Calculate the highest common factor of j and i.
12
Suppose -5*s + 23 = 2*y - 6, 4*y - 5*s = 13. Suppose q = -q + 154. Calculate the highest common divisor of q and y.
7
Let p(a) = 4*a**3 - 1. Let w be p(1). Suppose -3 = w*s, -3*s + 7 = x - 3. Calculate the highest common divisor of x and 117.
13
Let t(m) = m**2 + 8*m - 5. Let r be t(-9). Calculate the greatest common factor of 16 and r.
4
Let v(k) = -4*k**3 - k**2 - k + 2. Let m be v(-2). Let n be (-5 - -1)/(1/(-2)). Calculate the greatest common divisor of n and m.
8
Let u be (8/12)/((-6)/(-63)). Suppose -u*j = n - 3*j, 0 = 5*j. Suppose -4*q = -n*q - 504. Calculate the highest common factor of 18 and q.
18
Let u = 9 - -21. Calculate the greatest common divisor of 30 and u.
30
Let l = -50 + 56. Calculate the greatest common divisor of 54 and l.
6
Let c(h) = -h**2 - 6*h + 4. Let l be c(-5). Let p be (-35)/(-21) - (-4)/(-6). Let a be -2 + -3 + p - -22. Calculate the highest common factor of l and a.
9
Suppose 0 = -5*u + 5*f + 40, 19 = 2*u - 4*f + f. What is the highest common factor of 40 and u?
5
Let a(g) = g**2 - 12*g + 16. Let m be a(11). Let y = -19 + 54. What is the highest common divisor of m and y?
5
Let w = 10 - 7. Calculate the greatest common divisor of w and 9.
3
Suppose 0 = 9*c - 15*c + 102. Calculate the highest common divisor of 85 and c.
17
Let q(c) = 3*c**2 - 9*c - 9. Let x be q(5). Calculate the highest common divisor of x and 42.
21
Let n(a) = a**2 - 6. Suppose 2*k = -2 + 12. Let v be n(k). Let q be -3 + 2 - -1*v. Calculate the greatest common factor of q and 6.
6
Suppose 0 = -4*n + 7*n - q - 70, -2*n + 50 = q. What is the highest common divisor of 6 and n?
6
Suppose 0 = -2*m, -c = -5*m - 4 - 8. Let h be 160/c + (-1)/3. What is the highest common factor of 39 and h?
13
Suppose 4*j - 64 = -2*t, t - 77 = -6*j + j. Let c(w) = 16*w**2 + 4*w + 3. Let b be c(-3). What is the greatest common factor of b and j?
15
Suppose 18*k = 10*k + 384. What is the greatest common factor of k and 80?
16
Let q be (-10)/(-1) + (0 - 4*-1). Suppose -4*p - 4*a = -272, -4*a + 13 = p - 49. Calculate the highest common factor of p and q.
14
Let x(i) = -8*i**2 + 2*i - 1. Let n be x(1). Let o(a) = a**3 + 7*a**2 + 5. Let v be o(n). What is the highest common factor of v and 2?
1
Let p = 5 - 3. Suppose p*z + 36 = 4*z. Calculate the highest common divisor of z and 72.
18
Suppose -2*o = o - 18. Suppose -5*m - 164 = -5*y + 51, 0 = -m + 2*y - 42. Let q be m/(-10) - 6/15. What is the highest common divisor of q and o?
2
Let f = 4 - 10. Let v be f/(-3)*(-39)/(-6). Calculate the highest common factor of v and 143.
13
Let v = 22 + 0. Suppose 0 = -19*o + 22*o - 462. Calculate the highest common factor of v and o.
22
Let z be (24/20)/((-1)/(-5)). Suppose z*c = 3*c + 15. What is the highest common factor of c and 25?
5
Let s = -12 + 24. What is the greatest common factor of 72 and s?
12
Let x(h) = h**2 + 11*h - 17. Let c be x(11). Calculate the highest common factor of 9 and c.
9
Suppose 2*a + 0*a = 40. What is the greatest common factor of a and 8?
4
Let w be 110/4 - 1/2. Let k(o) = o**3 + 8*o**2 - 9*o - 2. Let u be k(-9). Let t = 5 + u. Calculate the greatest common factor of w and t.
3
Suppose -21 = -4*s - 5*r, -4*s - 2*r = r - 19. Suppose -i = 2*m - 2, -m + 0*i + i = -s. What is the greatest common divisor of m and 16?
2
Let d(w) = w**3 - 10*w**2 + 9*w - 2. Suppose 4*k - 13 = 4*p + 31, 2*p - 8 = -k. Let t be d(k). Calculate the highest common divisor of 11 and t.
11
Let g be 357/28 - (1 + 5/(-4)). What is the greatest common factor of 26 and g?
13
Let w be 1 + 1 + 40 + -20. Calculate the highest common factor of w and 33.
11
Let c = 9 + -4. Suppose 2*f - 5*x = -2*f + 160, -4*x = 2*f - 54. What is the highest common divisor of c and f?
5
Let a = 435 - 251. Calculate the greatest common factor of a and 46.
46
Let k(t) = t**3 - 16*t**2 - t + 22. Let a be k(16). Let u(j) = -7*j**3 + j + 1. Let h be u(-1). Let m = h - -2. What is the greatest common factor of a and m?
3
Let s be 0/2 + 0 + 1. Suppose 0 = -4*r - 8. Let o be (0 - r - s) + 0. What is the highest common factor of 9 and o?
1
Suppose b - 2*h + 5 = 13, -2*h = 3*b. Suppose b*n - 3 = 1. Calculate the greatest common factor of 14 and n.
2
Let k be (3/5)/(2/20). Let l = k + -4. What is the highest common factor of l and 2?
2
Suppose -3*g - 2*g - j = -204, -112 = -3*g + 2*j. Calculate the greatest common divisor of 20 and g.
20
Suppose 3*r - 120 = 4*h + 78, 5*h = -4*r + 233. What is the greatest common factor of 155 and r?
31
Let j = 15 - 11. Calculate the greatest common factor of j and 16.
4
Let m(q) = 10*q**2 - q - 2. Let b be m(-2). Suppose 44 = -29*z + 276. Calculate the highest common divisor of z and b.
8
Suppose 11*j + 4 = 15*j. What is the highest common factor of j and 1?
1
Let r be (-1 - 3)*-1 + 1. Suppose 3*z + n = 32, 0 = r*z - n + 37 - 85. Calculate the greatest common factor of z and 80.
10
Let x be 1/3 - 15/(-9). Suppose -37 = -x*j - 5. What is the greatest common factor of 16 and j?
16
Let g = 103 - -10. Suppose -4*r + g = 29. What is the highest common factor of 14 and r?
7
Suppose 0 = -2*w - 2*w + 16. Let h be (1 - 4)/(6/(-16)). Suppose w*c + h = 20. Calculate the greatest common factor of 21 and c.
3
Suppose -5*r - 5*x = -260, 0 = 4*r - 5*x - 166 - 78. What is the highest common factor of 8 and r?
8
Suppose 0 = -v + 3*t - 4, -v + 6*v + 6 = t. Let m be (-6)/1*v - 1. What is the highest common factor of 5 and m?
5
Suppose 1369 = 5*f + 4*m, 2*f + 0*f - m - 545 = 0. Suppose 0*k = -k - 4*l + 124, 0 = 2*k + 3*l - f. Calculate the greatest common factor of 16 and k.
16
Suppose 7*f + 28 - 7 = 0. Let c be 836/2 - (-3 - f). Calculate the greatest common factor of 38 and c.
38
Let l be -3 + 1 + 112 + 2. Suppose -i + 2 = -5*q + l, 0 = -2*i - 10. Calculate the greatest common divisor of q and 105.
21
Let a(f) = -f**3 - 16*f**2 - f + 7. Let p be a(-16). What is the highest common divisor of p and 69?
23
Suppose -4*r = 2*h - 164, -5*r + 17 + 8 = 0. Calculate the greatest common divisor of h and 9.
9
Let p be ((-2)/(-4))/(